7).
8
-25 + 15 + 17 + 0
7
What is the value of -33 + 51 - (12 - -1)?
5
Evaluate -8 + (-59 - (-10 - 25)).
-32
What is 10 - 18 - (-1 + -8 + 31)?
-30
Evaluate -131 + 124 - (-1 - -4 - 2 - 1).
-7
What is -27 - (-3 + 0) - -9 - (0 - -2)?
-17
Calculate 509 - 503 - (4 - (-1 - (0 - 0))).
1
What is the value of -8 + (-6 - -20) - (11 + 2)?
-7
Evaluate -1 + -15 + 7 + 5 + -14.
-18
14 - ((-12 - -11) + 9)
6
Evaluate -62 - -49 - (3 - (15 + -3)).
-4
Evaluate 24 + -4 + -3 + (4 - 4).
17
Calculate -36 + 28 - (0 - 6 - -9) - 4.
-15
2 + -2 - (-1 + -1) - (-898 - -919)
-19
What is 2 + 5 + (27 - 36) + -16?
-18
What is the value of 2 + -31 + -370 + 377?
-22
Evaluate 6 + -25 + 21 - 20.
-18
What is the value of 141 + -121 - (2 - 1 - 15)?
34
-5 + 5 + 1 + -208 + 198
-9
What is the value of 10 + ((-9 - -6) + -5 - -12)?
14
-4 + 10 + -12 + 3
-3
Calculate 71 + -55 - (-3 - (-1 + 2 - 2)).
18
What is -4 - (1 + 1 + (-4 - -4))?
-6
Calculate -14 + 13 - (-24 + 10) - 12.
1
Calculate (-40 - -46) + 0 + -2 + (-2 - 7).
-5
Calculate -57 + 58 + (17 - 3 - 0).
15
Calculate -15 - -63 - 21 - 47.
-20
Calculate (-11 - -3) + 5 + 9.
6
Evaluate (2 - (3 + (1 - 33))) + -15.
16
(123 - 117) + -8 + 0 + -2
-4
4 + (-30 - -14 - -7)
-5
What is the value of -5 - ((9 - 3) + 2 + (-9 - -3))?
-7
Calculate -34 + 0 - (96 + -122).
-8
Calculate (1 - (-4 + 3)) + -125 + 133.
10
Evaluate -1 + (-44 + 11 - 1).
-35
(-7 - -1 - -9) + 32 + -22
13
What is the value of -488 + 476 - (1 - -2)?
-15
(17 + 13 + -14 - -15) + (3 - 2)
32
What is the value of (-79 - -79) + (-6 - -9)?
3
What is 16 - (0 + 44 + -33)?
5
What is 36 + (-15 - (-10 - (-11 - -5))) + 7?
32
Calculate 5 + -51 + -41 + 73.
-14
What is the value of 9 + 5 + -1 - (-3 - (0 - 0))?
16
What is (-13 - 1 - ((33 - 15) + -24)) + 19?
11
-77 + (66 - 1) - (1 - -14)
-27
What is 1 - 40 - (5 - (10 + 2)) - -7?
-25
Calculate 25 + -42 + 21 - 37.
-33
What is (-8 - (-15 + 18)) + -3?
-14
Evaluate -8 + 0 + -10 + 20 + 3.
5
What is the value of 0 + 1 + -3 + (6 - (-14 + 1))?
17
Evaluate (3 - -5) + -1 + (-2 - 1) + 2.
6
What is the value of (2 - -41) + -498 + 464?
9
Evaluate -156 + 125 + -1 + 14.
-18
Calculate -11 - ((1 + 7 - 3) + -14).
-2
What is the value of 2 + (-2 - 0) + (-17 - (-8 + -13))?
4
What is the value of (12 - (-3 + 19)) + -8 + (-11 - -18)?
-5
Evaluate -7 + 11 - (3 + -2 + 3 - 12).
12
What is 6 - (24 + 3 + -20 - (10 - 1))?
8
Evaluate 0 + 1 + -11 - (-175 - -166).
-1
Evaluate 0 + (26 + -2 - 22).
2
What is the value of 3 + -20 + 0 + (16 - 3)?
-4
29 + 0 - ((25 - (-21 - -29)) + -9)
21
What is the value of 19 + -45 + (14 - -3)?
-9
11 - 25 - (0 - 17)
3
What is the value of -15 - ((29 - 41) + 15)?
-18
What is 1 - (4 + -3) - (52 + -48)?
-4
Calculate (-9 - -15) + 5 - 11 - 9.
-9
Calculate (-24 - -31 - (1 - -5)) + -9 + 15.
7
(-100 - -97 - (-14 - -2)) + 4
13
What is the value of 2 + -1 - (-1 + (-2 + 21 - 6))?
-11
Calculate (0 - (2 + (-26 - -21))) + (-13 - -1).
-9
What is the value of -30 + (27 - 23) + (-3 - -12 - 2)?
-19
-3 + -1 + 5 + -9 - (-5 - 2)
-1
Evaluate (5 - (12 + -9)) + -1 - 19.
-18
What is the value of -1 + 0 - (31 - 42) - 6?
4
Evaluate (67 - 43) + (-5 + -1 + 2 - -7).
27
What is the value of -1 + -17 + 41 + 12 + -20?
15
-7 + -12 - -45 - 19
7
Evaluate ((-16 - -11) + -6 - -7) + 0.
-4
Evaluate 1 - (-30 - (-25 - -10)).
16
Calculate -10 - -3 - ((-20 - -29) + -7 + -4).
-5
Evaluate (-8 - -15 - 21) + -20.
-34
Calculate 4 + (-20 - -25 - 11).
-2
6 + (13 - 36 - -23) + 20 + -2
24
Evaluate -14 + (13 - 18 - -8).
-11
Calculate 3 + (11 + -14 - -1).
1
Evaluate (-7 - 4) + 8 - 13.
-16
Evaluate 2 - -4 - (62 - 50).
-6
Calculate 13 - 16 - 0 - -16.
13
What is the value of -30 + 32 + 30 + -37?
-5
(-947 - -960) + (2 - 30)
-15
-30 - (21 + -12 + -22)
-17
(-24 - -39) + -14 - (-12 + 1)
12
Calculate (42 - 16) + (13 - 11 - (2 + -5)).
31
What is the value of (7 - -6 - 20) + 1 + -3 + 8?
-1
(25 - 5) + (0 - (3 - -3))
14
Evaluate 1 + -11 - (-6 - (21 - 3) - 12).
26
What is (-22 - -46) + -6 + -7?
11
What is the value of 4 - 0 - (17 - 10 - 10) - 14?
-7
Evaluate 26 + 26 + (-29 - 16).
7
What is the value of (-3 + -2 - -1) + -1 - (-83 + 66)?
12
(3 - -20 - -1) + -95 + 87
16
Evaluate (-17 - -37) + -29 - (1 + -16).
6
6 - -2 - (-7 + (-10 - -27))
-2
Calculate 8 + ((3 - (0 + -4)) + -2 - 12).
1
What is -50 - -51 - (-2 - -3 - -36)?
-36
What is the value of 41 + -65 + -1 + 6?
-19
What is -44 - -13 - -8 - (-6 - 3)?
-14
(16 - 0) + -4 - (99 - 71)
-16
(-24 - -17) + 7 - -2
2
What is 27 + -16 + 0 + 40 + -13?
38
Evaluate 0 + (3 - (-7 + 3 + 2)) - 4.
1
Evaluate -3 - (-8 + 0) - (1548 + -1514).
-29
Evaluate -652 + 644 - (1 + 1 - 0).
-10
(-3 - (5 + -3)) + 0 + -8 - -1
-12
What is -49 + 35 + 3 - -1?
-10
What is (10 - 21) + 3 + (40 - 2)?
30
5 - (-8 + 2 + 3 + 5)
3
Calculate -34 + 25 + 3 + 0 + -3.
-9
Evaluate -3 + -10 + 6 - -21.
14
4 - (21 - (-1 + 14) - -6)
-10
Calculate -19 - (-8 - (22 - 27)).
-16
Calculate 10 + -19 + 25 + -6.
10
What is (1 + 2 - (12 + -9)) + 9?
9
What is (5 - 11) + (12 + -1 - 5)?
0
Evaluate -9 + (-4 - 8) + 12.
-9
What is the value of 52 - (-22 + 63) - (-1 - -9)?
3
(-12 - -29) + (-1 - 5)
11
Calculate 7 + -15 + (7 - (-3 - -3)).
-1
What is -1 + 6 - 14 - -15 - 11?
-5
Evaluate (9 - 3) + (5 - 3).
8
Evaluate -7 + (25 - 8) + 17.
27
What is -2 - ((2 - 6) + 10 + -6)?
-2
What is -44 + 45 + (4 - 0)?
5
What is the value of (0 - (15 + 0 + -11) - -8) + 1?
5
Evaluate -6 - (-10 + -7 + 25 - 16).
2
-1 + 10 - (20 + -9)
-2
What is 10 + (-1 - 5 - 2) - 7?
-5
What is the value of (23 - (3 - (-13 - 8))) + -1 + 27?
25
What is 4 - (0 + -7 + 140 + -133)?
4
What is 0 + (-4 - -14 - 20) + -9?
-19
What is the value of 11 - (5 + 3) - (-6 + 21)?
-12
-8 + 2 + (-201 - -197)
-10
What is the value of (20 + 5 + -2 - 5) + (-4 - 0)?
14
Evaluate 3 + -2 + 4 - (6 + (9 - 0)).
-10
(-5 + 9 - 12) + 33 + -19
6
Evaluate (5 + 0 - (-336 - -341)) + 20.
20
Calculate -6 + 5 + -6 + -6 + 3.
-10
Calculate 15 - 23 - ((5 - 10) + 19).
-22
Evaluate -1 + (-21 - (21 - 34)).
-9
What is the value of 5 - (10 + 10 + (-11 - -6))?
-10
-21 - (43 - 28) - -16
-20
Evaluate (1 - (-6 - -2)) + (14 - 19) + -3.
-3
Evaluate -16 - (11 - (-36 - -47)).
-16
What is the value of (-8 - 2) + (0 - (14 - 1) - -20)?
-3
Evaluate (9 - (1 - -9)) + 17 + -9.
7
What is -3 + (-12 - 3) + (4 - -8)?
-6
What is the value of -5 + 13 + -6 + (-3 - 1)?
-2
What is the value of (18 - -7) + -23 + (-11 - (-7 + 13))?
-15
What is -7 + (12 - (11 - (7 + -10 - -5)))?
-4
-546 + 546 + (1 - 26)
-25
Evaluate (-6 - -16) + -2 + -4 + -5.
-1
What is the value of 21 + (-56 - -24) + 21 + 3 + -4?
9
What is 9 + 9 + -16 - 10?
-8
(-292 - -300) + (0 - (0 + 6))
2
Calculate (4 - -3) + (-4 - -4 - -5).
12
Calculate (-526 - -549) + (0 - 6) + 0.
17
Evaluate 5 - ((6 - (-3 + 3 + 5)) + -7).
11
What is 446 + -447 - (3 + -1 + 2)?
-5
What is 1 + -9 + 18 + -28 - -9?
-9
(-8 - -16 - 17) + 6 + 0 + 9
6
-1 + (-4 - (1 + -1)) + 20 + 0
15
What is 47 + -21 - (-17 + 24)?
19
Calculate 12 + (-1 - (22 - 7)).
-4
Calculate 7 + (5 - 19 - -11) + (1 - -4).
9
Calculate 26 - 1 - (-49 - -50).
24
Calculate 39 + -14 + -14 + -14.
-3
What is 13 - (-7 + -16) - 44?
-8
12 - -21 - (18 + -4)
19
Evaluate (24 - -6) + -50 + 33.
13
Evaluate 20 + -19 + 13 + -7 - 46.
-39
What is the value of -4 + 2 + (-9 - (8 - 6))?
-13
Evaluate 2 - -14 - 23 - -9.
2
Calculate -8 + (8 - (0 + (0 - -1)) - 4).
-5
What is the value of 0 + -4 + 6 - (0 - 5 - 2)?
9
Calculate -12 + -101 + 109 + (1 - -2).
-1
Calculate -15 + 38 + -33 + 1 + 13.
4
Calculate -13 - ((7 - (-8 + 13)) + -5).
-10
What is the value of 12 - (-41 + 27 + 45)?
-19
What is the value of 23 + -14 + -2 + (1 - 3 - 3)?
2
What is the value of -7 + -2 + 32 + (-15 - 14)?
-6
What is (-14 - 6 - (-4 - -1)) + 6?
-11
Calculate (5 - (6 - (1 - -2))) + (-1 - 16).
-15
What is the value of 0 + 21 + -4 - 15?
2
Evaluate 0 + -15 + 0 + 14.
-1
Calculate -2 + (7 + -20 + 6 - -16).
7
14 + (-1 - -2) - (49 - (51 - 7))
10
What is the value of (-19 + 14 + -5 + 2 - 4) + 2?
-10
What is the value of -8 + (4 - -6) + -5 + -5?
-8
What is the value of 29 - (10 - 6) - (8 - (6 - 5))?
18
What is 12 + (6 - 5) + -7 - 10 - -34?
30
Evaluate (30 + -26 - (-3 - -4)) + 4.
7
What is (1 - 1) + 6 + -72 + 52 + 16?
2
(1 - 5) + 12 + 0 + -5 + -2
1
Evaluate 3 - 1 - -1 - (18 - (0 - -2)).
-13
What is the value of -19 - -2 - ((-3 - -2) + 2 + 3)?
-21
What is -6 + 9 + (9 - 3 - -1) + 1?
11
15 + -1 - (22 - 10)
2
-8 + -44 - (-6